02012 (base 3) to base 12
92a1b
Convert 1110011000100010 (base 2) to base 13.
20a7b
What is -100011 (base 10) in base 2?
-11000011010101011
What is b6ba1d (base 16) in base 7?
203534053
Convert 22022331003 (base 4) to base 2.
1010001010111101000011
1101429 (base 10) to base 15
16b539
1102020020001 (base 3) to base 2
10110111101101101011
-3175605 (base 8) to base 7
-10142346
What is -1113333203 (base 4) in base 14?
-954c3
What is -1693aba (base 15) in base 13?
-3529762
-c7d55 (base 15) to base 16
-9ad12
-10322b5 (base 12) to base 15
-4044b8
Convert -4402030 (base 5) to base 2.
-10010011000000001
Convert -171763 (base 9) to base 12.
-51649
4222054 (base 6) to base 11
130217
21131 (base 12) to base 16
a975
What is -e87af (base 16) in base 4?
-3220132233
What is 1010110211221 (base 3) in base 11?
37a755
What is 1467276 (base 8) in base 4?
1212322332
What is -300032233 (base 4) in base 5?
-22310201
What is -4521245 (base 6) in base 2?
-110111110000111101
What is 3123033303 (base 4) in base 10?
898035
What is -3928890 (base 10) in base 12?
-13957b6
-1000012222212012 (base 3) to base 2
-110111001011111101010110
Convert -31323310223 (base 4) to base 6.
-210143335
What is -4255360 (base 7) in base 11?
-3242a8
What is -2bbb3 (base 14) in base 2?
-11010101100010001
What is 11220330 (base 4) in base 14?
85c0
-1100100001111000111 (base 2) to base 3
-202212012012
What is -669296 (base 11) in base 12?
-435212
-87a771 (base 11) to base 14
-288106
What is -320226 (base 8) in base 4?
-122002112
Convert 6d4694 (base 15) to base 3.
100211200100011
What is 52857 (base 12) in base 4?
122131003
What is -1543242 (base 9) in base 14?
-1839c1
What is 15ab85c (base 13) in base 15?
93268a
What is 618c1 (base 13) in base 8?
525740
Convert 1330212132 (base 4) to base 15.
a1346
Convert 1201212011020 (base 3) to base 2.
11100001001010111011
-2c7732 (base 14) to base 12
-631240
1c7548 (base 14) to base 12
4118a4
Convert 433084 (base 12) to base 11.
666570
What is 1a125 (base 13) in base 12?
25437
Convert -84979 (base 11) to base 13.
-4436a
Convert -1a04724 (base 11) to base 9.
-6333742
Convert 1172204 (base 10) to base 6.
41042512
Convert 1042122 (base 5) to base 6.
221124
20000032 (base 4) to base 14
bd38
What is 4983a8 (base 13) in base 11?
aa2712
-10110101101111100111 (base 2) to base 16
-b5be7
1440120 (base 8) to base 2
1100100000001010000
What is 3b45a (base 16) in base 5?
30232103
-2438 (base 13) to base 11
-3932
Convert 12713512 (base 8) to base 3.
12101010202121
a423e5 (base 16) to base 6
1022321205
Convert -8a81087 (base 11) to base 3.
-1002220212211101
What is 8307 (base 13) in base 10?
18090
What is -66191 (base 11) in base 6?
-2020405
Convert 1245014 (base 6) to base 11.
474a7
-5230062 (base 7) to base 14
-1253a2
-3041112 (base 6) to base 5
-14123122
Convert 11613175 (base 8) to base 11.
149a683
What is -84535 (base 10) in base 9?
-137857
What is 3454530 (base 7) in base 11?
276a30
What is 21222325 (base 6) in base 4?
2120221031
Convert 1302213200 (base 4) to base 12.
1a7828
-2102111302 (base 4) to base 15
-bc90a
Convert 14434240 (base 5) to base 11.
a6978
What is -bddc7 (base 14) in base 7?
-3626640
Convert 4022042 (base 5) to base 12.
31072
What is 1952071 (base 10) in base 2?
111011100100101000111
What is -5554511 (base 6) in base 10?
-279691
Convert 149007 (base 11) to base 4.
320202301
Convert 152202505 (base 7) to base 14.
14c3bac
10201330113 (base 4) to base 5
301000412
-1210201211 (base 3) to base 6
-432251
-26166125 (base 7) to base 5
-1102330234
Convert 112022100212 (base 3) to base 15.
586c5
Convert 1a346 (base 15) to base 2.
10100110001111100
21000332 (base 4) to base 8
110076
What is c5071 (base 14) in base 5?
110143221
-2320033013 (base 4) to base 10
-754631
Convert -32400020 (base 5) to base 10.
-278135
10111011011001011 (base 2) to base 8
273313
Convert 412404340 (base 5) to base 8.
6332752
-4341240 (base 5) to base 7
-430256
10001100001110111 (base 2) to base 12
35673
Convert 41983a (base 11) to base 13.
1a6a48
Convert -33023300 (base 4) to base 15.
-13662
What is -54111 (base 11) in base 15?
-18492
What is -771705 (base 8) in base 9?
-434262
What is 400a309 (base 12) in base 6?
1104214013
70814 (base 10) to base 11
49227
What is -1281227 (base 11) in base 5?
-1031244033
Convert 110101011101000000111010 (base 2) to base 11.
7a00863
What is 40553 (base 7) in base 4?
2122133
-12180c (base 15) to base 3
-1121222200010
Convert -2833065 (base 10) to base 9.
-5287210
Convert 11101211202 (base 3) to base 8.
251154
-4a77288 (base 12) to base 10
-14589896
Convert -1010011010001100 (base 2) to base 15.
-c976
Convert 14137b (base 13) to base 10.
488343
1001001011000111010110 (base 2) to base 14
468570
-41880 (base 10) to base 6
-521520
What is -14616203 (base 7) in base 13?
-3a0040
Convert -a9982 (base 11) to base 2.
-100110111101010000
Convert 14406421 (base 7) to base 15.
1be091
-55666363 (base 7) to base 9
-10061477
Convert 67171 (base 15) to base 2.
1010000000000011010
What is -2866603 (base 11) in base 12?
-1797aa3
a6192a (base 12) to base 7
31143136
Convert 1172717 (base 8) to base 9.
544820
Convert -3738c (base 15) to base 4.
-223002303
6bdba4 (base 14) to base 6
211011420
-24442042 (base 6) to base 14
-16561c
-5240307 (base 8) to base 5
-324032324
-202331101 (base 4) to base 14
-3a277
113030310 (base 4) to base 2
10111001100110100
Convert -35297 (base 13) to base 14.
-2757c
What is 210110120012 (base 3) in base 14?
add89
-184505 (base 10) to base 2
-101101000010111001
1010000003 (base 6) to base 8
47405603
Convert 141512213 (base 6) to base 8.
13006061
21101211122101 (base 3) to base 2
1111000000010011110000
What is 3352520 (base 6) in base 13?
5c739
5324512 (base 9) to base 14
542cd0
24544a7 (base 11) to base 7
51156435
-10111101000110001001 (base 2) to base 7
-6404061
3533e1 (base 16) to base 11
1a71668
4606525 (base 8) to base 3
2100102202100
Convert -1010000011001111101000 (base 2) to base 6.
-132245452
What is 7f5817 (base 16) in base 13?
1962850
22263 (base 12) to base 16
b0eb
What is 659bb9 (base 12) in base 14?
300261
49ad78 (base 14) to base 10
2527134
1135560 (base 7) to base 2
100011000100101101
31000223 (base 4) to base 5
3201131
What is 10343045 (base 6) in base 15?
618d5
Convert 2849a2 (base 11) to base 14.
b8639
15120141 (base 7) to base 2
101011101111110000011
What is -7583667 (base 10) in base 11?
-430a7a3
-32556434 (base 7) to base 10
-2804246
11320140 (base 5) to base 8
313744
Convert -11233343 (base 5) to base 8.
-307714
111441441 (base 7) to base 3
110202122001210
What is 121011201112 (base 3) in base 12?
1342ab
3067 (base 10) to base 9
4177
What is 8a968 (base 11) in base 7?
1055451
What is -3373744 (base 12) in base 2?
-100101100110001101100100
Convert 13272627 (base 8) to base 7.
34215532
Convert 7b69a (base 14) to base 7.
2360553
1020222203 (base 4) to base 3
120010021112
Convert -1a0150 (base 12) to base 6.
-13440540
What is -531130 (base 6) in base 11?
-2a376
What is 11012100212001 (base 3) in base 4?
20200301002
Convert 1202101230 (base 4) to base 13.
1112b8
What is 5133203 (base 8) in base 15?
1bc313
-30c8b5 (base 14) to base 3
-10002201210202
a247a3 (base 12) to base 16
26b96b
What is -845425 (base 9) in base 7?
-4162250
Convert -5793d (base 14) to base 4.
-310001303
What is 311021021 (base 4) in base 8?
651111
-505536 (base 12) to base 11
-786902
-259ae (base 16) to base 4
-211212232
Convert -737a5 (base 12) to base 4.
-210332231
Convert 1000001101110110 (base 2) to base 5.
2034104
Convert 363563 (base 7) to base 13.
24152
-401421242 (base 5) to base 7
-16350416
What is 60100376 (base 8) in base 5?
11212202214
-689b2 (base 13) to base 14
-4d66c
-4390799 (base 10) to base 11
-2529966
Convert -67235 (base 9) to base 15.
-d378
-101021212100021 (base 3) to base 14
-a2521a
What is -31441a4 (base 12) in base 3?
-122111022221221
Convert 205430 (base 6) to base 3.
212001000
What is 1242544 (base 6) in base 5?
4134112
What is -98880 (base 14) in base 15?
-746a1
34248 (base 13) to base 9
154120
Convert 679318 (base 15) to base 14.
928ca6
Convert 3245664 (base 7) to base 9.
666226
What is -1e6d17 (base 15) in base 6?
-51544134
What is 68344 (base 11) in base 2?
11000001001011001
Convert 257235 (base 10) to base 2.
11111011001